{"id":1897,"date":"2018-06-20T15:45:01","date_gmt":"2018-06-20T13:45:01","guid":{"rendered":"http:\/\/www.controsegno.com\/?page_id=1897"},"modified":"2018-06-20T16:22:09","modified_gmt":"2018-06-20T14:22:09","slug":"gruppo-di-lavoro-per-lincisione","status":"publish","type":"page","link":"https:\/\/www.controsegno.com\/?page_id=1897","title":{"rendered":"Gruppo di lavoro per l&#8217;incisione"},"content":{"rendered":"<p style=\"text-align: justify;\">Il team di lavoro dedicato all&#8217;incisione NON \u00e8 un corso, ma offre la possibilit\u00e0 ad artisti che abbiano un minimo di esperienza e desiderino praticare l\u2019incisione, di utilizzare uno spazio professionale e organizzato a un costo modico sotto la supervisione di Veronica Longo, ampliando le loro conoscenze e divertendosi nel confronto comune.<\/p>\n<p style=\"text-align: justify;\"><span style=\"color: #ff0000;\"><strong>Si tratta di incontri 1-2 volte al mese<\/strong><\/span>, compatibilmente con gli impegni di chi vi aderisce della durata di 4 ore +\u00a0l&#8217;ultima mezz&#8217;ora per pulire. La partecipazione\u00a0comprende l&#8217;<strong>utilizzo di ogni cosa del laboratorio <\/strong>(inchiostri, giornali, tarlatane, strumenti e punte varie, cappe di aerazione per l&#8217;acidazione) <strong>eccetto matrici e carta<\/strong> che gli artisti possono comprare per conto proprio o ordinare in atelier pagandoli a prezzo di costo.<br \/>\nI giorni potrebbero essere (seguendo le richieste degli interessati e conciliandoli con i vernissage della galleria): gioved\u00ec pomeriggio o sabato. Tuttavia, in questo periodo, \u00e8 possibile anche proporre orari mattutini e la domenica, purch\u00e9 si raggiunga il numero minimo di partecipanti.<\/p>\n<p style=\"text-align: justify;\"><span style=\"color: #ff0000;\"><strong>REQUISITI:<\/strong><strong><br \/>\n<\/strong><\/span>1- essere SOCI CONTROSEGNO CON ASSICURAZIONE per l&#8217;anno 2018;<br \/>\n2- formare un gruppo di minimo 3 persone massimo 6 (5 minimo per la domenica);<br \/>\n3- avvisare con una settimana di anticipo per l&#8217;organizzazione.<\/p>\n<p style=\"text-align: justify;\">Gli artisti sono pregati (qualora non lo fossero) di inserirsi nel gruppo FB e commentare per concordare tra loro i giorni di lavoro; laddove altri fossero interessati, \u00e8 possibile aggiungerli al gruppo.<\/p>\n<p><strong>Evento Facebook aperto anche per i non iscritti al social network: <\/strong><strong><a href=\"https:\/\/www.facebook.com\/groups\/1903629333002335\/\">https:\/\/www.facebook.com\/groups\/1903629333002335\/<\/a><\/strong><\/p>\n<p>&nbsp;<\/p>\n<p><strong>VERONICA LONGO<\/strong><\/p>\n<p style=\"text-align: justify;\">Nata a Napoli, si laurea in <em>Lettere Moderne<\/em> all\u2019Universit\u00e0 <em>Federico II<\/em> di Napoli, consegue il diploma accademico di II livello in\u00a0 <em>Arti Visive e Discipline dello Spettacolo<\/em>, indirizzo <em>Grafica d\u2019Arte<\/em>, e si abilita all\u2019insegnamento di <em>Arte della Fotografia e della Grafica Pubblicitaria<\/em>, entrambi conseguiti all\u2019Accademia di Belle Arti di Napoli. Nel 2012 vince <em>l\u2019Artist Residence Program<\/em> presso l&#8217;Art Studio Itsukaichi Operation Committee (ASIOC), ad Akiruno-City,Tokyo e viene pubblicato il suo manuale <em>Nuove Tecniche Incisorie Sperimentali<\/em> edito dal Centro Internazionale della Grafica di Venezia. Nel 2017 insegna <em>Tecniche dell\u2019Incisione \u2013 Grafica d\u2019Arte<\/em>\u00a0 all\u2019Accademia di Belle Arti L\u2019Aquila e nel 2018 ottiene la cattedra come docente di <em>Discipline Grafico-Pubblicitarie<\/em> a Napoli.\u00a0Vive a Pozzuoli dove lavora come docente, incisore, stampatore e curatrice di eventi.<\/p>\n","protected":false},"excerpt":{"rendered":"<p>Il team di lavoro dedicato all&#8217;incisione NON \u00e8 un corso, ma offre la possibilit\u00e0 ad artisti che abbiano un minimo di esperienza e desiderino praticare l\u2019incisione, di utilizzare uno spazio professionale e organizzato a un costo modico sotto la supervisione di Veronica Longo, ampliando le loro conoscenze e divertendosi nel&#8230;<\/p>\n","protected":false},"author":1,"featured_media":1902,"parent":1764,"menu_order":0,"comment_status":"closed","ping_status":"closed","template":"","meta":[],"_links":{"self":[{"href":"https:\/\/www.controsegno.com\/index.php?rest_route=\/wp\/v2\/pages\/1897"}],"collection":[{"href":"https:\/\/www.controsegno.com\/index.php?rest_route=\/wp\/v2\/pages"}],"about":[{"href":"https:\/\/www.controsegno.com\/index.php?rest_route=\/wp\/v2\/types\/page"}],"author":[{"embeddable":true,"href":"https:\/\/www.controsegno.com\/index.php?rest_route=\/wp\/v2\/users\/1"}],"replies":[{"embeddable":true,"href":"https:\/\/www.controsegno.com\/index.php?rest_route=%2Fwp%2Fv2%2Fcomments&post=1897"}],"version-history":[{"count":5,"href":"https:\/\/www.controsegno.com\/index.php?rest_route=\/wp\/v2\/pages\/1897\/revisions"}],"predecessor-version":[{"id":1908,"href":"https:\/\/www.controsegno.com\/index.php?rest_route=\/wp\/v2\/pages\/1897\/revisions\/1908"}],"up":[{"embeddable":true,"href":"https:\/\/www.controsegno.com\/index.php?rest_route=\/wp\/v2\/pages\/1764"}],"wp:featuredmedia":[{"embeddable":true,"href":"https:\/\/www.controsegno.com\/index.php?rest_route=\/wp\/v2\/media\/1902"}],"wp:attachment":[{"href":"https:\/\/www.controsegno.com\/index.php?rest_route=%2Fwp%2Fv2%2Fmedia&parent=1897"}],"curies":[{"name":"wp","href":"https:\/\/api.w.org\/{rel}","templated":true}]}}

<p style="text-align: justify;">Il team di lavoro dedicato all&#8217;incisione NON è un corso, ma offre la possibilità ad artisti che abbiano un minimo di esperienza e desiderino praticare l’incisione, di utilizzare uno spazio professionale e organizzato a un costo modico sotto la supervisione di Veronica Longo, ampliando le loro conoscenze e divertendosi nel confronto comune.</p>
<p style="text-align: justify;"><span style="color: #ff0000;"><strong>Si tratta di incontri 1-2 volte al mese</strong></span>, compatibilmente con gli impegni di chi vi aderisce della durata di 4 ore + l&#8217;ultima mezz&#8217;ora per pulire. La partecipazione comprende l&#8217;<strong>utilizzo di ogni cosa del laboratorio </strong>(inchiostri, giornali, tarlatane, strumenti e punte varie, cappe di aerazione per l&#8217;acidazione) <strong>eccetto matrici e carta</strong> che gli artisti possono comprare per conto proprio o ordinare in atelier pagandoli a prezzo di costo.<br />
I giorni potrebbero essere (seguendo le richieste degli interessati e conciliandoli con i vernissage della galleria): giovedì pomeriggio o sabato. Tuttavia, in questo periodo, è possibile anche proporre orari mattutini e la domenica, purché si raggiunga il numero minimo di partecipanti.</p>
<p style="text-align: justify;"><span style="color: #ff0000;"><strong>REQUISITI:</strong><strong><br />
</strong></span>1- essere SOCI CONTROSEGNO CON ASSICURAZIONE per l&#8217;anno 2018;<br />
2- formare un gruppo di minimo 3 persone massimo 6 (5 minimo per la domenica);<br />
3- avvisare con una settimana di anticipo per l&#8217;organizzazione.</p>
<p style="text-align: justify;">Gli artisti sono pregati (qualora non lo fossero) di inserirsi nel gruppo FB e commentare per concordare tra loro i giorni di lavoro; laddove altri fossero interessati, è possibile aggiungerli al gruppo.</p>
<p><strong>Evento Facebook aperto anche per i non iscritti al social network: </strong><strong><a href="https://www.facebook.com/groups/1903629333002335/">https://www.facebook.com/groups/1903629333002335/</a></strong></p>
<p>&nbsp;</p>
<p><strong>VERONICA LONGO</strong></p>
<p style="text-align: justify;">Nata a Napoli, si laurea in <em>Lettere Moderne</em> all’Università <em>Federico II</em> di Napoli, consegue il diploma accademico di II livello in  <em>Arti Visive e Discipline dello Spettacolo</em>, indirizzo <em>Grafica d’Arte</em>, e si abilita all’insegnamento di <em>Arte della Fotografia e della Grafica Pubblicitaria</em>, entrambi conseguiti all’Accademia di Belle Arti di Napoli. Nel 2012 vince <em>l’Artist Residence Program</em> presso l&#8217;Art Studio Itsukaichi Operation Committee (ASIOC), ad Akiruno-City,Tokyo e viene pubblicato il suo manuale <em>Nuove Tecniche Incisorie Sperimentali</em> edito dal Centro Internazionale della Grafica di Venezia. Nel 2017 insegna <em>Tecniche dell’Incisione – Grafica d’Arte</em>  all’Accademia di Belle Arti L’Aquila e nel 2018 ottiene la cattedra come docente di <em>Discipline Grafico-Pubblicitarie</em> a Napoli. Vive a Pozzuoli dove lavora come docente, incisore, stampatore e curatrice di eventi.</p>

<p>Il team di lavoro dedicato all&#8217;incisione NON è un corso, ma offre la possibilità ad artisti che abbiano un minimo di esperienza e desiderino praticare l’incisione, di utilizzare uno spazio professionale e organizzato a un costo modico sotto la supervisione di Veronica Longo, ampliando le loro conoscenze e divertendosi nel&#8230;</p>
